)?
-9
Calculate (-22 - -1) + (-22 - -10) + 21.
-12
Evaluate 460 - 458 - (0 + 1 + -1).
2
Evaluate -17 - -10 - (27 + -19).
-15
6 - 5 - 7 - (-4 - -3)
-5
Evaluate 15 + (-5 + (-7 - (0 + -24)) - 10).
17
Calculate -83 - -94 - (0 + 11) - -3.
3
Evaluate 7 + -23 + 4 + 6.
-6
What is (-11 - -19) + (8 - (-10 - 4))?
30
Evaluate -36 + 8 - (-1 + -14 + (-93 - -103)).
-23
-9 - (43 - (23 + 5))
-24
What is the value of 7 - (-36 + 33 + -1 + 5 + 0)?
6
8 - 9 - (-3 - (-3 + -5))
-6
Calculate -8 - ((-10 - 6 - -15) + -22).
15
Evaluate -5 + (17 - -6) - (0 - -6).
12
What is the value of 0 + 24 - (45 + -19)?
-2
What is -7 - (10 - (-26 - -17))?
-26
Calculate (-2 - -3 - (34 - 26)) + -5.
-12
What is -45 - -31 - (-2 + (1 - 5))?
-8
(16 - (34 - 17)) + 22
21
Calculate -24 - (-21 + 10 + -2).
-11
Evaluate 25 + 13 + -23 + -30.
-15
Evaluate 3 + (14 - -7) - (-3 - -22).
5
9 + -4 - (5 - 1 - -4)
-3
(6 + 8 + 3 - 3) + (1 - 2)
13
Calculate (-16 - (-3 - 11)) + -8.
-10
-13 + (48 - 45) - -34
24
Calculate -12 + (-7 - (16 - (10 + 2))) + 40.
17
What is the value of 26 - 11 - 33 - -1?
-17
What is the value of -8 + 1 - (-275 + 286) - -26?
8
Evaluate -5 - (8 - -4 - 11).
-6
What is the value of -10 + 6 + -15 + -84 + 78?
-25
Evaluate 39 - (1 + (28 - (31 - 15))).
26
Calculate 119 + -132 - (-4 + 1).
-10
What is the value of 20 + (4 - 12) + (-126 - -81)?
-33
What is the value of -29 + (-20 - -46) - (-12 + 1)?
8
Calculate (-4 - (-22 - -15)) + 5.
8
Evaluate (-10 - 2) + (-1 - -1 - (-87 + 94)).
-19
What is the value of 1 - -5 - (278 - 280)?
8
(2 + 1 - 1) + (2 + -11 - -3)
-4
(-1 - -6 - (-14 - -18)) + -5 + 6
2
-6 + 12 - -1 - -14
21
What is 17 + -26 + -6 - -8?
-7
Evaluate -19 + (12 - (-16 + 31 + -16)).
-6
Evaluate (1 + -9 - (-1 - 0)) + 1517 + -1495.
15
What is the value of (14 - 24) + 5 + 0?
-5
What is the value of 10 + -2 + -2 - (-10 - (59 + -61))?
14
-24 + (-19 - -37 - -7)
1
Calculate 2 + -1 + 16 + (1 + -6 - -3).
15
(3 - (4 + 2 + -5)) + 466 + -469
-1
(30 + 11 - 11) + (-7 - -2)
25
What is the value of (-3 - -14) + -61 + 17?
-33
Calculate 4 + (-30 - (-22 + 14)).
-18
What is (2 + 3 - ((7 - -3) + 1)) + 3?
-3
What is the value of -5 - (-29 - (0 - 11 - 3))?
10
Evaluate -30 + (11 - (-11 - 42)).
34
What is the value of 4 - 4 - (5 + 1 + 3 + 11)?
-20
What is -4 + (13 - 23) - -11?
-3
-17 + 1 - (-37 - -9)
12
(-2 - -22) + (-11 - 20 - -24)
13
Calculate -14 - (19 - 21) - -19.
7
What is the value of (-26 - -40) + (0 - 5 - 1)?
8
What is the value of -10 + -4 + 19 - (2 + 5 - 1)?
-1
What is the value of 0 - 1 - 8 - (1 + 0) - 1?
-11
What is the value of -5 - -9 - 14 - (-4 - 3)?
-3
Calculate -9 + -7 + (-9 - -11) + 10.
-4
What is the value of 10 + 4 + (-6 - (-12 + 3 + -1))?
18
What is (35 - 7) + -12 + 1 + (1 - 5)?
13
-2 - 3 - (-3 + (6 - (-2 + 10)))
0
-5 - (6 + -25) - 12
2
What is the value of (18 - 1) + -14 + (-15 + 5 - -22)?
15
29 - (35 - 15) - (1 - 9)
17
Calculate (54 - 26) + -5 + -33.
-10
Calculate -1 + 3 - (-126 + 126).
2
(2 - 2 - (2 + 4)) + (21 - 16)
-1
Calculate -6 + (23 + -27 - -1).
-9
Calculate (-11 - (-16 + 6)) + (1 - 5).
-5
(-16 - -1) + 15 + -12
-12
Calculate 0 + (23 - (10 + -7 - -7)).
13
-4 - (-2 + 2 + -2 - (6 + -11))
-7
Calculate 23 + (8 - -1 - (-10 + 46 - 19)).
15
Evaluate 9 - (-16 + 19) - 1.
5
What is (3 - -2) + (-44 - -36 - (0 - 12))?
9
(-54 - (-1 - 20)) + 34
1
Evaluate (-4 + 11 + -1 - 12) + (-13 - 0).
-19
What is the value of -2 - 3 - (18 + -27)?
4
Evaluate 13 + -5 + -8 - 2.
-2
What is 72 + -88 + 0 + 21?
5
Evaluate 23 + (-5 + -8 - -12 - 6).
16
Evaluate 29 + (8 - (8 - (-8 + 10 - 9))).
22
What is 11 + -4 + 16 + -3 + -3 + -8?
9
What is (7 - 15) + 5 + (-5 - -4) + -2?
-6
Evaluate -68 + (-8 - -38) + 22.
-16
Calculate 3 - (120 + -114 - (1 - 1)) - -24.
21
What is -109 + 109 + -2 + -7 + 1?
-8
What is the value of 15 + 0 + -105 + 78 - (0 - 2)?
-10
Calculate -150 + 148 - (-1 - -4 - 14).
9
What is the value of (2 - 13 - (-6 + 2 - 0)) + 3?
-4
What is the value of 5 + (-1 - (-3 - -1)) + (-30 - -34)?
10
What is 6 + (-4 - ((-5 - 0) + 5 + 15))?
-13
Evaluate 10 + -5 - ((-10 - -1) + 11).
3
Calculate -5 + -7 + (37 - 14).
11
Calculate (13 - -3 - 13) + (-7 - (1 + -4)).
-1
What is 28 + (-47 + 6 - -29)?
16
Evaluate 17 - (-18 + 7 + -2 - -17).
13
-5 - (4 - -3) - (2 + 5 + -10)
-9
(-23 + 52 - 20) + (-1 - 21) + -7
-20
What is (6 + -3 - -14) + -14 + (9 - 4)?
8
Evaluate (6 - (4 - -3)) + (6 - 4) - 5.
-4
Calculate (39 - 35) + -18 + 12.
-2
What is 7 + 1 + (55 - 49) - -8?
22
-358 + 352 + 0 + 10
4
(22 - 16) + 0 - -4
10
24 - 32 - (-11 - (-4 - 0))
-1
What is 4 - (-4 + (-6 - -2 - -10)) - -3?
5
What is the value of 0 + 44 - (-29 + 39) - 16?
18
What is the value of -7 + (13 - 11) - -14?
9
What is -13 - -41 - 15 - 18?
-5
Calculate 3 + 1 - (-276 + 269).
11
What is the value of (24 - (11 + 14)) + (-11 - (-4 + 2))?
-10
Evaluate 3 - -1 - (0 + -17 + 30).
-9
Calculate 47 + -7 - 43 - (-28 - 1).
26
-500 + 522 + -2 + -4
16
(1 - 2) + (81 + -89 - (9 - -3))
-21
163 + -170 - ((2 - 7) + 2) - 2
-6
Evaluate -20 - (-8 + (9 + -4 - -2)).
-19
What is (81 - 91) + (0 - 0) + 0 + -1?
-11
Calculate -28 + 30 + -13 + -1.
-12
-4 + 14 + -14 + -10 + 24
10
What is 0 - (9 + -28 + 11 + (4 - 1))?
5
What is (-8 - -2) + 4 + -13 + (49 - 35)?
-1
What is the value of (2 - (-2 + -1 + 1)) + (-12 - -10)?
2
Calculate -3 + 7 + -7 + 4 + -3.
-2
What is -3 - 7 - (1 - (-8 + 13))?
-6
Calculate (-4 - 3) + 41 + -43 + (2 - 0).
-7
5 + (5 - 6) - 12
-8
1 + -8 - (33 - 48)
8
-4 + -6 + 18 + (-12 - -2)
-2
What is (-8 - -1) + (14 - (-9 + 32))?
-16
What is 4 + -2 - -3 - (11 - (-15 - -17))?
-4
What is -14 + (-9 - -12) - (30 - 26)?
-15
Calculate -8 - (-2 - (-9 - (-5 + -5) - -4)).
-1
What is 1 - 3 - (20 + -25 - (-1 - -7))?
9
Evaluate (-9 - 13) + 18 + (-5 - 2).
-11
Evaluate 5 - (16 - (-6 + 29) - (0 - 22)).
-10
What is 30 - (-19 + 18 + 19)?
12
What is the value of (-40 - -42) + 13 - -14?
29
Calculate 32 + -6 + 8 + -12.
22
Evaluate 9 + (-8 - 11) - (-1 + -3).
-6
Calculate (-6 - (-7 + 5)) + 0 + -10 + 2.
-12
Calculate -8 + 5 + (5 + -8 - (-2 - -3)).
-7
What is -12 - (8 - (25 + -19))?
-14
2 + -8 + (1 - (10 - 7) - -12)
4
What is -2 + (-16 + 18 - (-3 - -1))?
2
Evaluate (8 - 12) + -12 + 7.
-9
Calculate (-17 - -6) + (-20 - -23) - (-2 - -9).
-15
Evaluate 16 + -1 + (42 - 58).
-1
What is the value of 23 - (15 - (7 + (7 - -4 - 10)))?
16
What is the value of 20 + -31 + (8 - 12)?
-15
Evaluate (27 + -58 - -9) + -4.
-26
What is the value of (-43 - -45) + 1 + -18 + 5?
-10
Evaluate -6006 - -6031 - ((-1 - (1 + -2)) + 5).
20
Calculate -9 + (-5 + 12 - 4 - -1).
-5
What is the value of (-2 - (-8 - 4 - -10)) + -3?
-3
Calculate (-11 - (-3 - 0)) + -1.
-9
Evaluate (-483 - -493) + 1 + (-1 + 0 - -1).
11
Calculate 27 + (-3 + -6 - 8 - -9).
19
Calculate (1 - 5) + -11 + (4 - (9 + -11)).
-9
What is the value of 60 - 33 - 17 - 17?
-7
What is (-7 + 8 + -6 + 3 - 1) + 12?
9
Evaluate 0 + -3 - (58 - 69).
8
3 + 3 + -3 + -7 + (14 - 4)
6
What is the value of 7 + (-35 - (-26 - -11)) + 12?
-1
-35 - ((-9 - 1) + -16)
-9
Calculate 2 + -2 + (24 - 26 - (0 + -8)).
6
What is (-3 - (1 + -1 + 3)) + (-49 - -60)?
5
What is the value of 0 + -47 + (-285 - -296)?
-36
What is the value of -12 + 3 + (-34 + 35 - (0 + -18))?
10
What is the value of 8 + -24 + (-7 - (-9 + -2))?
-12
What is -5 + -3 - (-23 - -9)?
6
16 - (11 + 8 + (0 - 11))
8
-2 + -3 + -14 + (-30 - (15 + -33))
-31
What is 1 + (8 + 0 + 21 + -23 - 6)?
1
(0 - 14) + (-9 - (-16 - (-8 - 1)))
-16
What is 11 + (-6 - (-5 + (-4 - -15)))?
-1
What is the value of 3 + 3 + -1 + 35 + -43?
-3
What is the value of -21 - -2 - (7 + (14 - 35))?
-5
What is the value of (6 + -1 - (-24 + 14 + 11)) + -16?
-12
What is the value of 51 + -57 - (-18 - 5)?
17
What is (1 - 12) + 54 + -53?
-10
28 + (3 - -13) + -34
10
Evaluate (2 + 6 - 3) + -5 + -10 + 31.
21
What is (-20 - (-38 - -14)) + (11 - 2 - -1)?
14
What is the value of -28 - (-2 - 2 - (-10 - -11))?
-23
What is the value of -30 + (-18 - (-50 + 14))?
-12
What is 168 - 129 - (2 + 1) - 10?
26
0 + (1 - 5 - (-7 + -2 + 8))
-3
Evaluate 14 + (-8 - (1 + -7) - 9).
3
What is the value of (29 - (-4 - -26)) + (-7 - -1)?
1
(11 - (29 + -15)) + -1
-4
What is -11 - (-35 - -14 - -44)?
-34
Calculate -44 + 13 - (-20 + 15).
-26
Evaluate 7 - (9 + -13 + 0 + (0 - -30)).
-19
(-9 - (12 + -12)) + -6 - -15
0
What is the value of 42 + (49 - 135) - -75?
31
What is the value of -5 - 6 - (-10 + 4) - 3?
-8
What is the value o